{"id":15,"date":"2015-01-22T11:21:09","date_gmt":"2015-01-22T11:21:09","guid":{"rendered":"http:\/\/piata.dgol.pl\/?page_id=15"},"modified":"2015-01-30T10:03:53","modified_gmt":"2015-01-30T09:03:53","slug":"15-2","status":"publish","type":"page","link":"https:\/\/www.piata.dgol.pl\/?page_id=15","title":{"rendered":"Pi\u0105ta"},"content":{"rendered":"<p>Jako stary \/ no mo\u017ce nie stary ale coraz starszy :) \/ \u015bl\u0105zok zawsze interesowa\u0142a mnie \u015bl\u0105sko godka, teksty, opowiadania itp.. Tylko muzyka mi ni cholery nie pasowa\u0142a. Ostatnio moda na to co regionalne, nasze jest wsz\u0119dzie, coraz cz\u0119\u015bciej tak\u017ce w muzyce. Wi\u0119kszo\u015b\u0107 to dla mnie tzw. szlagry totalnie nie moja bajka. Jest na szcz\u0119\u015bcie coraz wi\u0119cej innego rodzaju muzyki kt\u00f3r\u0105 postanowi\u0142em tu umieszcza\u0107.<\/p>\n<p>Zobaczymy co z tego wyjdzie :)<\/p>\n","protected":false},"excerpt":{"rendered":"<p>Jako stary \/ no mo\u017ce nie stary ale coraz starszy :) \/ \u015bl\u0105zok zawsze interesowa\u0142a mnie \u015bl\u0105sko godka, teksty, opowiadania itp.. Tylko muzyka mi ni cholery nie pasowa\u0142a. Ostatnio moda na to co regionalne, nasze jest wsz\u0119dzie, coraz cz\u0119\u015bciej tak\u017ce &hellip; <a href=\"https:\/\/www.piata.dgol.pl\/?page_id=15\">Czytaj dalej <span class=\"meta-nav\">&rarr;<\/span><\/a><\/p>\n","protected":false},"author":1,"featured_media":0,"parent":0,"menu_order":0,"comment_status":"open","ping_status":"open","template":"","meta":[],"_links":{"self":[{"href":"https:\/\/www.piata.dgol.pl\/index.php?rest_route=\/wp\/v2\/pages\/15"}],"collection":[{"href":"https:\/\/www.piata.dgol.pl\/index.php?rest_route=\/wp\/v2\/pages"}],"about":[{"href":"https:\/\/www.piata.dgol.pl\/index.php?rest_route=\/wp\/v2\/types\/page"}],"author":[{"embeddable":true,"href":"https:\/\/www.piata.dgol.pl\/index.php?rest_route=\/wp\/v2\/users\/1"}],"replies":[{"embeddable":true,"href":"https:\/\/www.piata.dgol.pl\/index.php?rest_route=%2Fwp%2Fv2%2Fcomments&post=15"}],"version-history":[{"count":5,"href":"https:\/\/www.piata.dgol.pl\/index.php?rest_route=\/wp\/v2\/pages\/15\/revisions"}],"predecessor-version":[{"id":35,"href":"https:\/\/www.piata.dgol.pl\/index.php?rest_route=\/wp\/v2\/pages\/15\/revisions\/35"}],"wp:attachment":[{"href":"https:\/\/www.piata.dgol.pl\/index.php?rest_route=%2Fwp%2Fv2%2Fmedia&parent=15"}],"curies":[{"name":"wp","href":"https:\/\/api.w.org\/{rel}","templated":true}]}}